{"id":478,"date":"2014-11-12T23:27:49","date_gmt":"2014-11-12T23:27:49","guid":{"rendered":"https:\/\/asdea.aisgan.org\/?page_id=478"},"modified":"2019-05-28T15:58:38","modified_gmt":"2019-05-28T15:58:38","slug":"nuestras-senas-de-identidad","status":"publish","type":"page","link":"https:\/\/asdea.aisgan.org\/?page_id=478","title":{"rendered":"Nuestras se\u00f1as de identidad"},"content":{"rendered":"<p style=\"text-align: justify;\"><a href=\"http:\/\/malaga.aisg.es\/wp-content\/uploads\/2014\/11\/ISGF_logo_blue_red_150mm.jpg\"><img loading=\"lazy\" decoding=\"async\" class=\"alignleft wp-image-602 size-thumbnail\" src=\"http:\/\/malaga.aisg.es\/wp-content\/uploads\/2014\/11\/ISGF_logo_blue_red_150mm-150x150.jpg\" alt=\"ISGF_logo_blue_red_150mm\" width=\"150\" height=\"150\"><\/a>El distintivo de ISGF\/AISG es es una flor de lis (s\u00edmbolo del escultismo)&nbsp;superpuesta sobre un tr\u00e9bol&nbsp;(s\u00edmbolo del guidismo), as\u00ed se hace visible la combinaci\u00f3n de los movimientos scout y gu\u00eda est\u00e1 compuesto por la uni\u00f3n de la flor de lis &nbsp;y el tr\u00e9bol<\/p>\n<p style=\"text-align: justify;\">La fecha de fundaci\u00f3n de ISGF-AISG coincidi\u00f3 con el D\u00eda Mundial de la ONU, por ello se escogi\u00f3 el azul celeste (o azul ONU) como&nbsp;color oficial, que se utiliza especialmente en nuestras pa\u00f1oletas convirti\u00e9ndose as\u00ed en nuestra se\u00f1a de identidad m\u00e1s visible.<\/p>\n<p style=\"text-align: justify;\">En cada aniversario de la fundaci\u00f3n de ISGF\/AISG (25 de octubre) se celebra el&nbsp;D\u00eda de la Amistad Scout y Gu\u00eda. Una fiesta para acordarnos de los ausentes y para disfrutar de la amistad y camarader\u00eda que nos une.<\/p>\n","protected":false},"excerpt":{"rendered":"<p>El distintivo de ISGF\/AISG es es una flor de lis (s\u00edmbolo del escultismo)&nbsp;superpuesta sobre un tr\u00e9bol&nbsp;(s\u00edmbolo del guidismo), as\u00ed se hace visible la combinaci\u00f3n de los movimientos scout y gu\u00eda est\u00e1 compuesto por la uni\u00f3n de la flor de lis &nbsp;y el tr\u00e9bol La fecha de fundaci\u00f3n de ISGF-AISG coincidi\u00f3&#8230; <a class=\"continue-reading-link\" href=\"https:\/\/asdea.aisgan.org\/?page_id=478\">Leer m\u00e1s<\/a><\/p>\n","protected":false},"author":11,"featured_media":0,"parent":1331,"menu_order":0,"comment_status":"closed","ping_status":"closed","template":"templates\/template-onecolumn.php","meta":{"ngg_post_thumbnail":0,"footnotes":""},"class_list":["post-478","page","type-page","status-publish","hentry"],"_links":{"self":[{"href":"https:\/\/asdea.aisgan.org\/index.php?rest_route=\/wp\/v2\/pages\/478","targetHints":{"allow":["GET"]}}],"collection":[{"href":"https:\/\/asdea.aisgan.org\/index.php?rest_route=\/wp\/v2\/pages"}],"about":[{"href":"https:\/\/asdea.aisgan.org\/index.php?rest_route=\/wp\/v2\/types\/page"}],"author":[{"embeddable":true,"href":"https:\/\/asdea.aisgan.org\/index.php?rest_route=\/wp\/v2\/users\/11"}],"replies":[{"embeddable":true,"href":"https:\/\/asdea.aisgan.org\/index.php?rest_route=%2Fwp%2Fv2%2Fcomments&post=478"}],"version-history":[{"count":2,"href":"https:\/\/asdea.aisgan.org\/index.php?rest_route=\/wp\/v2\/pages\/478\/revisions"}],"predecessor-version":[{"id":1507,"href":"https:\/\/asdea.aisgan.org\/index.php?rest_route=\/wp\/v2\/pages\/478\/revisions\/1507"}],"up":[{"embeddable":true,"href":"https:\/\/asdea.aisgan.org\/index.php?rest_route=\/wp\/v2\/pages\/1331"}],"wp:attachment":[{"href":"https:\/\/asdea.aisgan.org\/index.php?rest_route=%2Fwp%2Fv2%2Fmedia&parent=478"}],"curies":[{"name":"wp","href":"https:\/\/api.w.org\/{rel}","templated":true}]}}

Nuestras señas de identidad

<p style="text-align: justify;"><a href="http://malaga.aisg.es/wp-content/uploads/2014/11/ISGF_logo_blue_red_150mm.jpg"><img loading="lazy" decoding="async" class="alignleft wp-image-602 size-thumbnail" src="http://malaga.aisg.es/wp-content/uploads/2014/11/ISGF_logo_blue_red_150mm-150x150.jpg" alt="ISGF_logo_blue_red_150mm" width="150" height="150"></a>El distintivo de ISGF/AISG es es una flor de lis (símbolo del escultismo)&nbsp;superpuesta sobre un trébol&nbsp;(símbolo del guidismo), así se hace visible la combinación de los movimientos scout y guía está compuesto por la unión de la flor de lis &nbsp;y el trébol</p>
<p style="text-align: justify;">La fecha de fundación de ISGF-AISG coincidió con el Día Mundial de la ONU, por ello se escogió el azul celeste (o azul ONU) como&nbsp;color oficial, que se utiliza especialmente en nuestras pañoletas convirtiéndose así en nuestra seña de identidad más visible.</p>
<p style="text-align: justify;">En cada aniversario de la fundación de ISGF/AISG (25 de octubre) se celebra el&nbsp;Día de la Amistad Scout y Guía. Una fiesta para acordarnos de los ausentes y para disfrutar de la amistad y camaradería que nos une.</p>

<p>El distintivo de ISGF/AISG es es una flor de lis (símbolo del escultismo)&nbsp;superpuesta sobre un trébol&nbsp;(símbolo del guidismo), así se hace visible la combinación de los movimientos scout y guía está compuesto por la unión de la flor de lis &nbsp;y el trébol La fecha de fundación de ISGF-AISG coincidió&#8230; <a class="continue-reading-link" href="https://asdea.aisgan.org/?page_id=478">Leer más</a></p>
