{"id":467,"date":"2014-11-12T23:22:39","date_gmt":"2014-11-12T23:22:39","guid":{"rendered":"https:\/\/asdea.aisgan.org\/?page_id=467"},"modified":"2019-05-28T15:55:05","modified_gmt":"2019-05-28T15:55:05","slug":"con-la-espiritualidad","status":"publish","type":"page","link":"https:\/\/asdea.aisgan.org\/?page_id=467","title":{"rendered":"Con los valores"},"content":{"rendered":"<p style=\"text-align: justify;\"><a href=\"https:\/\/asdea.aisgan.org\/wp-content\/uploads\/2018\/12\/Con-los-Valores.jpg\"><img loading=\"lazy\" decoding=\"async\" class=\"alignleft wp-image-1253 size-thumbnail\" src=\"https:\/\/asdea.aisgan.org\/wp-content\/uploads\/2018\/12\/Con-los-Valores-150x150.jpg\" alt=\"\" width=\"150\" height=\"150\"><\/a>Lo manifestamos mediante:<\/p>\n<p style=\"text-align: justify;\">1 La vivencia de los valores espirituales que emanan de la Ley y la Promesa scout y gu\u00eda.<\/p>\n<p style=\"text-align: justify;\">2 El respeto ante cualquier manifestaci\u00f3n religiosa, espiritual o creencia de \u00edndole personal, siempre que no entre en conflicto con la \u00e9tica scout y gu\u00eda.<\/p>\n<p style=\"text-align: justify;\">3 Una actitud espiritual comprometida<\/p>\n","protected":false},"excerpt":{"rendered":"<p>Lo manifestamos mediante: 1 La vivencia de los valores espirituales que emanan de la Ley y la Promesa scout y gu\u00eda. 2 El respeto ante cualquier manifestaci\u00f3n religiosa, espiritual o creencia de \u00edndole personal, siempre que no entre en conflicto con la \u00e9tica scout y gu\u00eda. 3 Una actitud espiritual&#8230; <a class=\"continue-reading-link\" href=\"https:\/\/asdea.aisgan.org\/?page_id=467\">Leer m\u00e1s<\/a><\/p>\n","protected":false},"author":11,"featured_media":0,"parent":1334,"menu_order":0,"comment_status":"closed","ping_status":"closed","template":"templates\/template-onecolumn.php","meta":{"ngg_post_thumbnail":0,"footnotes":""},"class_list":["post-467","page","type-page","status-publish","hentry"],"_links":{"self":[{"href":"https:\/\/asdea.aisgan.org\/index.php?rest_route=\/wp\/v2\/pages\/467","targetHints":{"allow":["GET"]}}],"collection":[{"href":"https:\/\/asdea.aisgan.org\/index.php?rest_route=\/wp\/v2\/pages"}],"about":[{"href":"https:\/\/asdea.aisgan.org\/index.php?rest_route=\/wp\/v2\/types\/page"}],"author":[{"embeddable":true,"href":"https:\/\/asdea.aisgan.org\/index.php?rest_route=\/wp\/v2\/users\/11"}],"replies":[{"embeddable":true,"href":"https:\/\/asdea.aisgan.org\/index.php?rest_route=%2Fwp%2Fv2%2Fcomments&post=467"}],"version-history":[{"count":3,"href":"https:\/\/asdea.aisgan.org\/index.php?rest_route=\/wp\/v2\/pages\/467\/revisions"}],"predecessor-version":[{"id":1502,"href":"https:\/\/asdea.aisgan.org\/index.php?rest_route=\/wp\/v2\/pages\/467\/revisions\/1502"}],"up":[{"embeddable":true,"href":"https:\/\/asdea.aisgan.org\/index.php?rest_route=\/wp\/v2\/pages\/1334"}],"wp:attachment":[{"href":"https:\/\/asdea.aisgan.org\/index.php?rest_route=%2Fwp%2Fv2%2Fmedia&parent=467"}],"curies":[{"name":"wp","href":"https:\/\/api.w.org\/{rel}","templated":true}]}}